Hot Springs, Montana

47° 36.48' N | 114° 40.20' W | 2891 feet | Show on map

Climate Summary October 2018

10/22/2018 02:55:00 AM MDT

Station: AcuRite 02064
Software: WeeWX v3.8.2
Weewx uptime: 3 Days, 15 Hours, 52 Minutes
Server uptime: 6 Days, 12 Hours, 15 Minutes
                   MONTHLY CLIMATOLOGICAL SUMMARY for Oct 2018


NAME: Hot Springs, Montana                  
ELEV: 2891 feet    LAT: 47-36.48 N    LONG: 114-40.20 W


                   TEMPERATURE (°F), RAIN (in), WIND SPEED (mph)

                                         HEAT   COOL         AVG
      MEAN                               DEG    DEG          WIND                   DOM
DAY   TEMP   HIGH   TIME    LOW   TIME   DAYS   DAYS   RAIN  SPEED   HIGH   TIME    DIR
---------------------------------------------------------------------------------------
 01   46.7   67.3  14:26   28.9  05:30   18.3    0.0   0.00    1.6    6.8  17:43    157
 02   53.0   65.1  13:45   47.1  05:35   12.0    0.0   0.38    2.6   17.1  23:55    209
 03   47.7   59.2  16:46   33.1  07:01   17.3    0.0   0.00    4.2   21.7  01:52    190
 04   49.7   57.4  17:25   44.2  23:55   15.3    0.0   0.00    1.8    7.8  22:08    285
 05   46.7   62.8  14:32   29.5  08:00   18.3    0.0   0.00    2.3   11.4  15:37    219
 06   44.9   52.5  17:07   39.6  21:41   20.1    0.0   0.04    1.6    7.8  12:14    341
 07   44.1   60.4  16:10   33.6  08:14   20.9    0.0   0.00    1.5   15.5  16:29    208
 08   43.2   59.5  15:44   30.6  02:43   21.8    0.0   0.00    1.3    6.3  16:14    183
 09   45.3   54.7  15:28   39.4  07:55   19.7    0.0   0.14    3.6   15.5  14:58     41
 10   45.3   52.3  17:17   36.5  22:37   19.7    0.0   0.00    1.6    6.8  11:28    236
 11   39.3   59.7  14:27   24.3  08:01   25.7    0.0   0.00    2.0   10.9  15:47    226
 12   45.9   66.2  14:50   31.5  06:56   19.1    0.0   0.00    3.6   20.2  23:51    213
 13   39.7   50.4  14:29   31.1  23:59   25.3    0.0   0.40    3.0   24.3  00:32    255
 14   35.6   47.1  15:21   28.9  03:10   29.4    0.0   0.00    1.9    5.8  13:00    225
 15   37.4   59.0  16:37   23.5  07:54   27.6    0.0   0.00    1.8    8.3  19:16    204
 16   39.7   60.8  16:57   25.2  07:40   25.3    0.0   0.00    1.6    5.8  21:10    196
 17   39.8   61.2  17:22   25.5  08:10   25.2    0.0   0.00    1.3    5.3  18:23    191
 18   40.8   61.9  16:25   25.3  08:13   24.2    0.0   0.00    1.4    5.8  19:48    193
 19   42.9   64.9  16:55   27.9  08:09   22.1    0.0   0.00    1.2    5.3  18:52    192
 20   42.7   66.0  16:39   28.2  08:00   22.3    0.0   0.00    1.3    5.3  19:16    204
 21   42.7   63.0  16:44   30.0  04:01   22.3    0.0   0.00    1.2    4.7  15:42    206
 22   32.0   34.7  00:00   30.2  02:50   33.0    0.0   0.00    0.7    2.7  00:13    222
 23
 24
 25
 26
 27
 28
 29
 30
 31
---------------------------------------------------------------------------------------
      43.1   67.3     01   23.5     15  484.9    0.0   0.96    2.0   24.3     13    209
    
Updated: 10/22/2018 02:55:00 AM