Hot Springs, Montana

47° 36.48' N | 114° 40.20' W | 2891 feet | Show on map

Climate Summary September 2018

10/22/2018 01:25:00 AM MDT

Station: AcuRite 02064
Software: WeeWX v3.8.2
Weewx uptime: 3 Days, 14 Hours, 22 Minutes
Server uptime: 6 Days, 10 Hours, 44 Minutes
                   MONTHLY CLIMATOLOGICAL SUMMARY for Sep 2018


NAME: Hot Springs, Montana                  
ELEV: 2891 feet    LAT: 47-36.48 N    LONG: 114-40.20 W


                   TEMPERATURE (°F), RAIN (in), WIND SPEED (mph)

                                         HEAT   COOL         AVG
      MEAN                               DEG    DEG          WIND                   DOM
DAY   TEMP   HIGH   TIME    LOW   TIME   DAYS   DAYS   RAIN  SPEED   HIGH   TIME    DIR
---------------------------------------------------------------------------------------
 01
 02
 03
 04
 05   73.6   86.5  18:42   32.5  13:29    0.0    8.6   0.00    2.3    6.8  13:48    280
 06   63.5   91.2  17:02   44.6  06:41    1.5    0.0   0.00    2.0    7.8  13:50    140
 07   80.8   92.1  14:57   64.2  23:30    0.0   15.8   0.00    3.5   12.5  15:56    233
 08   69.1   84.4  14:44   52.0  06:01    0.0    4.1   0.00    4.4   20.2  14:24    247
 09   65.5   84.9  16:03   53.2  04:53    0.0    0.5   0.00    3.2   15.0  14:47    233
 10   58.6   79.0  13:29   42.4  06:34    6.4    0.0   0.00    3.6   20.2  14:59    246
 11   59.6   70.9  13:17   45.0  06:56    5.4    0.0   0.00    3.3   11.4  11:14    259
 12   53.2   68.7  14:54   38.7  07:23   11.8    0.0   0.00    2.7   13.0  16:12    253
 13   50.1   68.4  13:29   33.6  06:37   14.9    0.0   0.00    3.0   21.7  13:51    254
 14   52.3   75.2  16:34   32.2  07:20   12.7    0.0   0.00    2.5    9.9  17:06    147
 15   54.2   74.7  15:52   35.2  06:54   10.8    0.0   0.00    1.8    6.8  14:27    196
 16   55.7   71.8  14:52   40.1  06:52    9.3    0.0   0.00    3.2   17.6  14:46    235
 17   57.7   72.7  15:04   47.5  02:35    7.3    0.0   0.00    3.0   12.5  14:37    245
 18   51.9   73.6  16:08   36.0  06:54   13.1    0.0   0.00    2.3    8.3  12:39    188
 19   53.3   72.0  18:41   36.1  06:46   11.7    0.0   0.00    2.5    7.3  17:33    184
 20   53.3   71.8  16:09   37.8  07:25   11.7    0.0   0.00    3.5   17.6  13:58    246
 21   60.4   79.0  15:21   43.2  07:15    4.6    0.0   0.00    3.0   16.1  13:38    222
 22   59.1   71.1  14:51   46.9  05:48    5.9    0.0   0.00    4.8   29.4  09:50    237
 23   55.1   68.9  15:12   44.4  05:00    9.9    0.0   0.05    4.2   15.0  12:46    251
 24   53.9   65.8  16:41   40.8  23:57   11.1    0.0   0.00    3.9   16.1  17:36    249
 25   47.9   72.1  15:32   31.8  07:25   17.1    0.0   0.00    2.4   11.4  16:14    221
 26   52.8   77.2  16:32   33.6  07:38   12.2    0.0   0.00    3.2   16.6  16:32    248
 27   65.5   77.9  14:16   51.1  23:24    0.0    0.5   0.00    4.9   17.6  20:39     40
 28   52.3   64.8  14:39   43.3  08:09   12.7    0.0   0.00    3.0   11.9  00:07     38
 29
 30
---------------------------------------------------------------------------------------
      57.6   92.1     07   31.8     25  190.0   29.5   0.05    3.2   29.4     22    238
    
Updated: 09/28/2018 03:05:00 PM