Hot Springs, Montana

47° 36.48' N | 114° 40.20' W | 2891 feet | Show on map

Climate Summary June 2018

07/21/2018 04:35:00 PM MDT

Station: AcuRite 02064
Software: WeeWX v3.8.0
Weewx uptime: 7 Days, 23 Hours, 2 Minutes
Server uptime: 7 Days, 23 Hours, 4 Minutes
                   MONTHLY CLIMATOLOGICAL SUMMARY for Jun 2018


NAME: Hot Springs, Montana                  
ELEV: 2891 feet    LAT: 47-36.48 N    LONG: 114-40.20 W


                   TEMPERATURE (°F), RAIN (in), WIND SPEED (mph)

                                         HEAT   COOL         AVG
      MEAN                               DEG    DEG          WIND                   DOM
DAY   TEMP   HIGH   TIME    LOW   TIME   DAYS   DAYS   RAIN  SPEED   HIGH   TIME    DIR
---------------------------------------------------------------------------------------
 01
 02
 03
 04   68.3   79.9  15:22   48.7  23:59    0.0    3.3   0.00    6.7   18.6  15:22    251
 05   52.5   76.6  12:46   37.8  05:38   12.5    0.0   0.00    2.4   12.5  12:50    173
 06
 07   78.8   89.8  16:04   59.9  23:58    0.0   13.8   0.00    3.3   16.1  18:43    142
 08   70.2   90.0  15:09   49.6  05:53    0.0    5.2   0.00    3.2   11.9  11:22    175
 09   62.2   81.5  15:21   49.5  05:46    2.8    0.0   0.00    3.9   25.8  17:19    245
 10   50.9   64.4  15:04   38.5  23:57   14.1    0.0   0.02    5.4   25.3  13:19    226
 11   48.8   69.1  15:53   35.8  01:44   16.2    0.0   0.01    4.4   23.8  13:34    244
 12
 13
 14   62.1   72.1  16:23   46.4  23:45    2.9    0.0   0.00    4.8   15.5  15:57    244
 15   61.9   83.1  18:26   38.1  05:46    3.1    0.0   0.00    2.6    9.4  14:13    148
 16   58.1   65.3  15:40   51.3  04:54    6.9    0.0   0.04    5.2   20.2  10:28      5
 17   63.3   73.9  11:25   50.9  07:01    1.7    0.0   0.00    5.2   14.5  18:01     32
 18   61.7   69.6  14:59   54.7  23:45    3.3    0.0   0.08    4.1   16.6  19:28    348
 19   64.6   81.3  11:43   52.9  04:05    0.4    0.0   0.01    2.6   10.4  12:36    347
 20   67.7   87.8  15:52   44.4  05:50    0.0    2.7   0.00    2.7    9.4  16:09    125
 21   67.3   82.8  12:46   52.7  05:55    0.0    2.3   0.15    3.3   23.3  13:43    220
 22   70.5   87.3  16:00   55.8  05:47    0.0    5.5   0.01    3.9   18.6  22:10    253
 23   59.2   69.6  14:57   52.9  05:40    5.8    0.0   0.12    2.3   14.0  12:23    241
 24   67.7   88.2  18:35   50.7  05:46    0.0    2.7   0.00    2.4    8.9  18:19    126
 25   69.4   86.5  13:40   50.2  05:30    0.0    4.4   0.00    3.7   19.1  14:15    240
 26   63.9   77.9  18:26   48.0  04:39    1.1    0.0   0.00    5.0   17.6  15:51    258
 27   50.5   71.1  10:31   39.0  05:43   14.5    0.0   0.00    1.8    5.8  00:03    201
 28
 29
 30
---------------------------------------------------------------------------------------
      63.1   90.0     08   35.8     11   85.5   40.0   0.44    3.8   25.8     09    253
    
Updated: 06/27/2018 10:35:00 AM